{"id":5460,"date":"2016-05-14T18:48:55","date_gmt":"2016-05-14T21:48:55","guid":{"rendered":"https:\/\/www.antonioguilherme.web.br.com\/blog\/?page_id=5460"},"modified":"2023-04-11T10:37:21","modified_gmt":"2023-04-11T13:37:21","slug":"ampere","status":"publish","type":"page","link":"https:\/\/www.antonioguilherme.web.br.com\/blog\/unidades-no-sistema-si\/ampere\/","title":{"rendered":"Ampere"},"content":{"rendered":"<p><span style=\"font-family: verdana, geneva, sans-serif;\">A atual defini\u00e7\u00e3o da unidade de corrente el\u00e9trica &#8211;<a href=\"https:\/\/pt.wikipedia.org\/wiki\/Ampere\" target=\"_blank\" rel=\"noopener\">Ampere<\/a> &#8211; no <a href=\"https:\/\/www.antonioguilherme.web.br.com\/blog\/unidades-no-sistema-si\/\">Sistema internacional de Unidades<\/a> consiste no valor da carga do el\u00e9tron (1,602176634 x 10<sup>-19<\/sup> C) dividida pela unidade de tempo (s). Como ambas s\u00e3o grandezas exatas, o Ampere tamb\u00e9m \u00e9 exato.<\/span><\/p>\n<p><span style=\"font-family: verdana, geneva, sans-serif;\">Anteriormente, a defini\u00e7\u00e3o de Ampere consistia na intensidade de uma corrente el\u00e9trica constante que, se mantida em dois condutores paralelos, retil\u00edneos, de comprimento infinito, de se\u00e7\u00e3o circular desprez\u00edvel, e situados \u00e0 dist\u00e2ncia de 1 metro entre si, no v\u00e1cuo, produz uma for\u00e7a de 2 x 10<sup>-7 <\/sup>newton por metro de comprimento entre eles.<\/span><\/p>\n","protected":false},"excerpt":{"rendered":"<p>A atual defini\u00e7\u00e3o da unidade de corrente el\u00e9trica &#8211;Ampere &#8211; no Sistema internacional de Unidades consiste no valor da carga do el\u00e9tron (1,602176634 x 10-19 C) dividida pela unidade de tempo (s). Como ambas s\u00e3o grandezas exatas, o Ampere tamb\u00e9m \u00e9 exato. Anteriormente, a defini\u00e7\u00e3o de Ampere consistia na intensidade de uma corrente el\u00e9trica constante [&hellip;]<\/p>\n","protected":false},"author":1,"featured_media":42987,"parent":5409,"menu_order":2,"comment_status":"closed","ping_status":"closed","template":"templates\/template-full-width.php","meta":{"_crdt_document":"","_uag_custom_page_level_css":"","footnotes":""},"class_list":["post-5460","page","type-page","status-publish","has-post-thumbnail","hentry"],"uagb_featured_image_src":{"full":["https:\/\/www.antonioguilherme.web.br.com\/blog\/wp-content\/uploads\/2022\/07\/unidades.jpg",1200,280,false],"thumbnail":["https:\/\/www.antonioguilherme.web.br.com\/blog\/wp-content\/uploads\/2022\/07\/unidades-150x150.jpg",150,150,true],"medium":["https:\/\/www.antonioguilherme.web.br.com\/blog\/wp-content\/uploads\/2022\/07\/unidades-300x70.jpg",300,70,true],"medium_large":["https:\/\/www.antonioguilherme.web.br.com\/blog\/wp-content\/uploads\/2022\/07\/unidades-768x179.jpg",580,135,true],"large":["https:\/\/www.antonioguilherme.web.br.com\/blog\/wp-content\/uploads\/2022\/07\/unidades-1024x239.jpg",580,135,true],"1536x1536":["https:\/\/www.antonioguilherme.web.br.com\/blog\/wp-content\/uploads\/2022\/07\/unidades.jpg",1200,280,false],"2048x2048":["https:\/\/www.antonioguilherme.web.br.com\/blog\/wp-content\/uploads\/2022\/07\/unidades.jpg",1200,280,false],"post-thumbnail":["https:\/\/www.antonioguilherme.web.br.com\/blog\/wp-content\/uploads\/2022\/07\/unidades.jpg",1200,280,false],"twentytwenty-fullscreen":["https:\/\/www.antonioguilherme.web.br.com\/blog\/wp-content\/uploads\/2022\/07\/unidades.jpg",1200,280,false]},"uagb_author_info":{"display_name":"admin","author_link":"https:\/\/www.antonioguilherme.web.br.com\/blog\/author\/admin\/"},"uagb_comment_info":0,"uagb_excerpt":"A atual defini\u00e7\u00e3o da unidade de corrente el\u00e9trica &#8211;Ampere &#8211; no Sistema internacional de Unidades consiste no valor da carga do el\u00e9tron (1,602176634 x 10-19 C) dividida pela unidade de tempo (s). Como ambas s\u00e3o grandezas exatas, o Ampere tamb\u00e9m \u00e9 exato. Anteriormente, a defini\u00e7\u00e3o de Ampere consistia na intensidade de uma corrente el\u00e9trica constante&hellip;","_links":{"self":[{"href":"https:\/\/www.antonioguilherme.web.br.com\/blog\/wp-json\/wp\/v2\/pages\/5460","targetHints":{"allow":["GET"]}}],"collection":[{"href":"https:\/\/www.antonioguilherme.web.br.com\/blog\/wp-json\/wp\/v2\/pages"}],"about":[{"href":"https:\/\/www.antonioguilherme.web.br.com\/blog\/wp-json\/wp\/v2\/types\/page"}],"author":[{"embeddable":true,"href":"https:\/\/www.antonioguilherme.web.br.com\/blog\/wp-json\/wp\/v2\/users\/1"}],"replies":[{"embeddable":true,"href":"https:\/\/www.antonioguilherme.web.br.com\/blog\/wp-json\/wp\/v2\/comments?post=5460"}],"version-history":[{"count":11,"href":"https:\/\/www.antonioguilherme.web.br.com\/blog\/wp-json\/wp\/v2\/pages\/5460\/revisions"}],"predecessor-version":[{"id":43977,"href":"https:\/\/www.antonioguilherme.web.br.com\/blog\/wp-json\/wp\/v2\/pages\/5460\/revisions\/43977"}],"up":[{"embeddable":true,"href":"https:\/\/www.antonioguilherme.web.br.com\/blog\/wp-json\/wp\/v2\/pages\/5409"}],"wp:featuredmedia":[{"embeddable":true,"href":"https:\/\/www.antonioguilherme.web.br.com\/blog\/wp-json\/wp\/v2\/media\/42987"}],"wp:attachment":[{"href":"https:\/\/www.antonioguilherme.web.br.com\/blog\/wp-json\/wp\/v2\/media?parent=5460"}],"curies":[{"name":"wp","href":"https:\/\/api.w.org\/{rel}","templated":true}]}}